me number?
True
Is 12026921 composite?
True
Is 2338043 a prime number?
True
Is 123334691 a prime number?
False
Is 1690519 prime?
True
Is 2569711 composite?
True
Is 110491889 composite?
False
Is 38941481 prime?
True
Is 249791 a composite number?
True
Is 76722757 a prime number?
False
Is 1415633 a composite number?
True
Is 559252807 composite?
False
Is 621611 a composite number?
False
Is 2204281 a composite number?
True
Is 103882477 a prime number?
True
Is 246218915 composite?
True
Is 17865643 a composite number?
True
Is 19187437 a prime number?
True
Is 18583622 prime?
False
Is 837637129 a composite number?
True
Is 508891 a composite number?
True
Is 2061491 composite?
False
Is 6011267 prime?
True
Is 12428431 a prime number?
True
Is 5283139 a prime number?
True
Is 22444547 composite?
False
Is 7072691 composite?
True
Is 927137 a prime number?
True
Is 36760159 prime?
True
Is 8920679 a prime number?
True
Is 204253769 prime?
True
Is 1594793 prime?
True
Is 167591 a composite number?
True
Is 123376661 prime?
True
Is 8505571 prime?
False
Is 3097667 a prime number?
False
Is 177135653 a prime number?
True
Is 11488501 a prime number?
True
Is 1195087 composite?
True
Is 3957613 composite?
True
Is 97563611 composite?
True
Is 281288261 prime?
True
Is 19475647 composite?
False
Is 16029617 prime?
True
Is 2713157 prime?
True
Is 91395659 a prime number?
True
Is 291276331 a composite number?
False
Is 46907141 a composite number?
False
Is 108964949 composite?
False
Is 9454693 prime?
True
Is 10210063 a prime number?
False
Is 22965893 a composite number?
False
Is 11710819 a composite number?
False
Is 51882143 a prime number?
True
Is 16363253 prime?
True
Is 1093760669 a prime number?
False
Is 706086197 prime?
True
Is 110346761 composite?
True
Is 124510393 a composite number?
True
Is 90169213 a composite number?
True
Is 23596889 a prime number?
True
Is 22127674 a composite number?
True
Is 4157833 prime?
True
Is 105131491 prime?
True
Is 2015669 a composite number?
False
Is 33827077 a prime number?
True
Is 103518319 prime?
True
Is 609529 a prime number?
False
Is 135661 a composite number?
False
Is 68325757 a composite number?
True
Is 209730085 composite?
True
Is 2677307 composite?
True
Is 26914543 a prime number?
True
Is 131944789 prime?
False
Is 26188343 prime?
True
Is 8872679 prime?
True
Is 108628357 a composite number?
False
Is 505873039 prime?
False
Is 77727799 a composite number?
True
Is 2026579 a composite number?
True
Is 27697861 a composite number?
True
Is 5302119 a prime number?
False
Is 254092153 composite?
True
Is 4761851 a composite number?
True
Is 123221141 composite?
False
Is 38401933 a composite number?
True
Is 199911113 a composite number?
False
Is 8437339 a prime number?
False
Is 14771087 a prime number?
False
Is 2148947 a prime number?
True
Is 50378047 a prime number?
False
Is 17650883 composite?
True
Is 49391702 composite?
True
Is 10539805 prime?
False
Is 15777161 a prime number?
True
Is 24210007 a composite number?
True
Is 5326727 a prime number?
False
Is 22343105 a composite number?
True
Is 27019571 a composite number?
True
Is 90715759 composite?
True
Is 62290229 a prime number?
True
Is 23543669 prime?
True
Is 15726749 a prime number?
False
Is 1714873 a prime number?
False
Is 7793917 a composite number?
False
Is 5643373 composite?
False
Is 34283437 composite?
True
Is 24944809 a composite number?
True
Is 41737159 a prime number?
False
Is 2356063789 prime?
True
Is 990349 composite?
False
Is 21099693 a prime number?
False
Is 5368933 prime?
True
Is 610767761 prime?
True
Is 215197 a prime number?
True
Is 13239647 a prime number?
False
Is 17060969 prime?
True
Is 720835217 composite?
True
Is 57111409 prime?
True
Is 231769793 a composite number?
True
Is 4258763 prime?
False
Is 275890529 prime?
True
Is 9197681 a prime number?
True
Is 2778739 a prime number?
True
Is 9561647 a prime number?
True
Is 9644279 a prime number?
False
Is 1014499 a composite number?
True
Is 7240061 prime?
False
Is 332561 a composite number?
False
Is 21721001 composite?
False
Is 10281235 composite?
True
Is 99485977 prime?
False
Is 7653901 a composite number?
False
Is 210397783 a composite number?
False
Is 22399483 prime?
False
Is 4694233 prime?
True
Is 669241 a composite number?
False
Is 967782289 composite?
True
Is 17673599 a composite number?
False
Is 17526673 a composite number?
False
Is 2140837 prime?
False
Is 4343641 a composite number?
False
Is 17798531 a prime number?
True
Is 3494623 a prime number?
False
Is 17405717 a composite number?
True
Is 5547089 a composite number?
False
Is 62580761 a composite number?
False
Is 506621 a prime number?
False
Is 15127417 a composite number?
False
Is 2695787 a prime number?
True
Is 4923653 prime?
False
Is 852251 composite?
True
Is 492043819 a composite number?
False
Is 637157527 a composite number?
False
Is 1602358 a composite number?
True
Is 17922323 a prime number?
True
Is 30264697 a composite number?
False
Is 385954687 composite?
False
Is 438208607 a composite number?
False
Is 5898521 a composite number?
False
Is 491770171 prime?
True
Is 38002619 composite?
False
Is 32506027 a prime number?
False
Is 5880389 composite?
True
Is 939283 a composite number?
True
Is 1547591 a composite number?
False
Is 1486181 prime?
True
Is 124130341 prime?
True
Is 1312813 a composite number?
False
Is 71650694 a prime number?
False
Is 15146921 a composite number?
False
Is 10816517 a prime number?
False
Is 74883619 composite?
True
Is 222414433 composite?
False
Is 2377147 prime?
False
Is 61534273 a composite number?
False
Is 195070931 prime?
False
Is 39721205 composite?
True
Is 119049593 a composite number?
True
Is 5043223 a composite number?
False
Is 5329981 prime?
True
Is 412837 prime?
False
Is 201703441 prime?
True
Is 474134711 prime?
True
Is 42084502 composite?
True
Is 7700155 prime?
False
Is 237227465 prime?
False
Is 15168371 a composite number?
False
Is 6079351 composite?
False
Is 222799 prime?
True
Is 30532213 a composite number?
False
Is 143672989 composite?
True
Is 4539869 a prime number?
False
Is 5767609 composite?
True
Is 144762511 a prime number?
True
Is 24133951 a composite number?
False
Is 18783977 a composite number?
False
Is 111351959 prime?
True
Is 176153 a composite number?
False
Is 40723583 a prime number?
True
Is 5043466 a prime number?
False
Is 213836039 a prime number?
False
Is 10674733 a composite number?
False
Is 242758 composite?
True
Is 657649 prime?
True
Is 1628467 a prime number?
True
Is 4972087 a prime number?
False
Is 286973 composite?
False
Is 139795339 prime?
True
Is 14864179 a prime number?
False
Is 15641789 a prime number?
False
Is 2020621 a prime number?
True
Is 53206121 a prime number?
True
Is 150967163 prime?
True
Is 416359 composite?
False
Is 426346 composite?
True
Is 67529279 a composite number?
True
Is 27360661 composite?
False
Is 6007703 a composite number?
True
Is 20397857 composite?
True
Is 590169391 a prime number?
False
Is 35478959 a prime number?
True
Is 62841121 composite?
True
Is 2548602649 a prime number?
True
Is 136465897 a prime number?
False
Is 81732163 a composite number?
True
Is 646781 composite?
False
Is 299213 prime?
True
Is 67344071 a composite number?
True
Is 3884809 prime?
False
Is 9868769 composite?
False
Is 63379013 prime?
True
Is 9217631 composite?
False
Is 149851589 a composite number?
False
Is 3178961 a prime number?
True
Is 16567763 a composite number?
False
Is 91513 a composite number?
False
Is 43654207 prime?
False
Is 819767 a composite number?
True
Is 7353811 a composite number?
False
Is 116925131 a composite number?
False
Is 104032651 prime?
False
Is 49300217 composite?
True
Is 501787357 prime?
False
Is 119207219 a prime number?
True
Is 289637 a composite number?
False
Is 29982937 a composite number?
False
Is 1201220363 composite?
True
Is 15934286 prime?
False
Is 317881537 prime?
False
Is 530197 a composite number?
False
Is 138733181 a prime number?
False
Is 358240907 a composite number?
False
Is 34544429 a prime number?
True
Is 2704199 prime?
True
Is 155579629 a prime number?
True
Is 546507341 composite?
False
Is 10718353 prime?
False
Is 19021909 composite?
True
Is 2620073 prime?
True
Is 25451989 composite?
True
Is 135140669 a composite number?
False
Is 44546615 a prime number?
False
Is 2125